{"id":38,"date":"2020-11-10T02:38:29","date_gmt":"2020-11-10T01:38:29","guid":{"rendered":"https:\/\/stage.bea-neukoelln.de\/?page_id=38"},"modified":"2020-11-10T14:56:45","modified_gmt":"2020-11-10T13:56:45","slug":"elternarbeit-im-bunten-bezirk","status":"publish","type":"page","link":"https:\/\/stage.bea-neukoelln.de\/","title":{"rendered":"Elternarbeit im bunten Bezirk"},"content":{"rendered":"\n<div class=\"wp-block-image\"><figure class=\"aligncenter size-large is-resized\"><img loading=\"lazy\" src=\"https:\/\/stage.bea-neukoelln.de\/wp-content\/uploads\/2020\/11\/BEA_Logo.png\" alt=\"\" class=\"wp-image-41\" width=\"423\" height=\"423\"\/><\/figure><\/div>\n\n\n\n<p>Liebe Eltern des Bezirks Neuk\u00f6lln,<\/p>\n\n\n\n<p>herzlich willkommen auf den Seiten des Bezirkselternausschusses Neuk\u00f6lln. Hier informieren wir Sie aus erster Hand zu den aktuellen Themen wie z. B. Corona-Ma\u00dfnahmen, Bauma\u00dfnahmen oder Digitalisierung aus Sicht der Eltern. Der Bezirkselternausschuss (kurz: BEA) besteht aus den gew\u00e4hlten Elternvertretern der einzelnen Schulen in Neuk\u00f6lln und gemeinsam k\u00e4mpfen wir stetig f\u00fcr bessere Bildungsbedingungen unserer Kinder.<\/p>\n\n\n\n<h2>Aktuelle Beitr\u00e4ge<\/h2>\n\n\n<ul class=\"wp-block-latest-posts wp-block-latest-posts__list\"><li><a href=\"https:\/\/stage.bea-neukoelln.de\/index.php\/2020\/11\/10\/digitalisierung-in-schulen-quo-vadis\/\">Digitalisierung in Schulen. Quo Vadis?<\/a><\/li>\n<li><a href=\"https:\/\/stage.bea-neukoelln.de\/index.php\/2020\/11\/08\/hallo-welt\/\">Hallo Welt!<\/a><\/li>\n<\/ul>\n\n\n<h2>Aktuelle Kommentare<\/h2>\n\n\n<ol class=\"wp-block-latest-comments has-avatars has-dates has-excerpts\"><li class=\"wp-block-latest-comments__comment\"><img alt='' src='https:\/\/secure.gravatar.com\/avatar\/127d801b723beaf1fc227eabb61e1870?s=48&#038;d=mm&#038;r=g' srcset='https:\/\/secure.gravatar.com\/avatar\/127d801b723beaf1fc227eabb61e1870?s=96&#038;d=mm&#038;r=g 2x' class='avatar avatar-48 photo wp-block-latest-comments__comment-avatar' height='48' width='48' loading='lazy'\/><article><footer class=\"wp-block-latest-comments__comment-meta\"><a class=\"wp-block-latest-comments__comment-author\" href=\"http:\/\/168.119.176.255\">andre<\/a> zu <a class=\"wp-block-latest-comments__comment-link\" href=\"https:\/\/stage.bea-neukoelln.de\/index.php\/2020\/11\/10\/digitalisierung-in-schulen-quo-vadis\/#comment-2\">Digitalisierung in Schulen. Quo Vadis?<\/a><time datetime=\"2020-11-10T02:55:26+01:00\" class=\"wp-block-latest-comments__comment-date\">10. November 2020<\/time><\/footer><div class=\"wp-block-latest-comments__comment-excerpt\"><p>Ein Kommentar zur Digitalisierung<\/p>\n<\/div><\/article><\/li><li class=\"wp-block-latest-comments__comment\"><img alt='' src='https:\/\/secure.gravatar.com\/avatar\/d7a973c7dab26985da5f961be7b74480?s=48&#038;d=mm&#038;r=g' srcset='https:\/\/secure.gravatar.com\/avatar\/d7a973c7dab26985da5f961be7b74480?s=96&#038;d=mm&#038;r=g 2x' class='avatar avatar-48 photo wp-block-latest-comments__comment-avatar' height='48' width='48' loading='lazy'\/><article><footer class=\"wp-block-latest-comments__comment-meta\"><a class=\"wp-block-latest-comments__comment-author\" href=\"https:\/\/wordpress.org\/\">Ein WordPress-Kommentator<\/a> zu <a class=\"wp-block-latest-comments__comment-link\" href=\"https:\/\/stage.bea-neukoelln.de\/index.php\/2020\/11\/08\/hallo-welt\/#comment-1\">Hallo Welt!<\/a><time datetime=\"2020-11-08T14:30:06+01:00\" class=\"wp-block-latest-comments__comment-date\">8. November 2020<\/time><\/footer><div class=\"wp-block-latest-comments__comment-excerpt\"><p>Hallo, dies ist ein Kommentar. Um mit dem Freischalten, Bearbeiten und L\u00f6schen von Kommentaren zu beginnen, besuche bitte die Kommentare-Ansicht&hellip;<\/p>\n<\/div><\/article><\/li><\/ol>\n\n\n<p><\/p>\n","protected":false},"excerpt":{"rendered":"<p>Liebe Eltern des Bezirks Neuk\u00f6lln, herzlich willkommen auf den Seiten des Bezirkselternausschusses Neuk\u00f6lln. Hier informieren wir Sie aus erster Hand zu den aktuellen Themen wie z. B. Corona-Ma\u00dfnahmen, Bauma\u00dfnahmen oder Digitalisierung aus Sicht der Eltern. Der Bezirkselternausschuss (kurz: BEA) besteht aus den gew\u00e4hlten Elternvertretern der einzelnen Schulen in Neuk\u00f6lln und gemeinsam k\u00e4mpfen wir stetig f\u00fcr [&hellip;]<\/p>\n","protected":false},"author":1,"featured_media":0,"parent":0,"menu_order":0,"comment_status":"closed","ping_status":"closed","template":"templates\/template-full-width.php","meta":[],"_links":{"self":[{"href":"https:\/\/stage.bea-neukoelln.de\/index.php\/wp-json\/wp\/v2\/pages\/38"}],"collection":[{"href":"https:\/\/stage.bea-neukoelln.de\/index.php\/wp-json\/wp\/v2\/pages"}],"about":[{"href":"https:\/\/stage.bea-neukoelln.de\/index.php\/wp-json\/wp\/v2\/types\/page"}],"author":[{"embeddable":true,"href":"https:\/\/stage.bea-neukoelln.de\/index.php\/wp-json\/wp\/v2\/users\/1"}],"replies":[{"embeddable":true,"href":"https:\/\/stage.bea-neukoelln.de\/index.php\/wp-json\/wp\/v2\/comments?post=38"}],"version-history":[{"count":4,"href":"https:\/\/stage.bea-neukoelln.de\/index.php\/wp-json\/wp\/v2\/pages\/38\/revisions"}],"predecessor-version":[{"id":54,"href":"https:\/\/stage.bea-neukoelln.de\/index.php\/wp-json\/wp\/v2\/pages\/38\/revisions\/54"}],"wp:attachment":[{"href":"https:\/\/stage.bea-neukoelln.de\/index.php\/wp-json\/wp\/v2\/media?parent=38"}],"curies":[{"name":"wp","href":"https:\/\/api.w.org\/{rel}","templated":true}]}}